es 2 divide 64?
True
Is 1020 a multiple of 68?
True
Is 62 a factor of 48311?
False
Is 30 a factor of 14934?
False
Is 22 a factor of 3127?
False
Does 47 divide 27299?
False
Does 69 divide 2070?
True
Does 20 divide 280?
True
Does 9 divide 51003?
True
Is 1108 a multiple of 25?
False
Does 22 divide 1210?
True
Does 12 divide 3831?
False
Is 240 a multiple of 12?
True
Is 20 a factor of 560?
True
Is 141 a factor of 26790?
True
Is 26928 a multiple of 132?
True
Does 293 divide 61851?
False
Is 1480 a multiple of 5?
True
Does 65 divide 3710?
False
Is 16 a factor of 432?
True
Is 6849 a multiple of 52?
False
Does 19 divide 9305?
False
Is 57 a factor of 2987?
False
Is 252 a multiple of 21?
True
Does 4 divide 10348?
True
Is 1830 a multiple of 15?
True
Is 1714 a multiple of 5?
False
Is 176 a multiple of 8?
True
Is 2880 a multiple of 48?
True
Is 14626 a multiple of 9?
False
Does 48 divide 2256?
True
Is 837 a multiple of 93?
True
Is 2866 even?
True
Does 28 divide 161?
False
Is 48300 a multiple of 30?
True
Is 20 a multiple of 10?
True
Is 3 a factor of 76?
False
Is 62 a factor of 2769?
False
Is 403 a factor of 7442?
False
Is 13 a factor of 7280?
True
Does 3 divide 371?
False
Is 33 a factor of 1452?
True
Does 11 divide 12364?
True
Is 1406 a multiple of 21?
False
Is 46 a factor of 1840?
True
Is 28835 a multiple of 30?
False
Does 21 divide 4571?
False
Does 67 divide 567?
False
Is 29 a factor of 3567?
True
Is 369 a multiple of 41?
True
Does 7 divide 55538?
True
Is 11397 a multiple of 11?
False
Is 13 a factor of 17173?
True
Does 82 divide 5822?
True
Is 6 a factor of 565?
False
Is 19616 a multiple of 19?
False
Does 9 divide 102?
False
Is 25756 a multiple of 47?
True
Is 181 a factor of 17360?
False
Is 2413 a multiple of 19?
True
Is 52 a factor of 520?
True
Does 9 divide 22614?
False
Is 924 a multiple of 22?
True
Does 45 divide 8977?
False
Does 47 divide 9831?
False
Is 30 a factor of 45051?
False
Is 330 a multiple of 11?
True
Does 99 divide 6014?
False
Is 50768 a multiple of 152?
True
Is 4735 a multiple of 61?
False
Is 26 a factor of 754?
True
Does 10 divide 5785?
False
Is 49270 a multiple of 59?
False
Is 75 a factor of 2700?
True
Is 92 a factor of 21028?
False
Is 75 a multiple of 12?
False
Is 23 a factor of 690?
True
Is 1512 a multiple of 84?
True
Is 14 a factor of 3592?
False
Is 14183 a multiple of 34?
False
Does 73 divide 1809?
False
Is 7920 a multiple of 88?
True
Does 2 divide 294?
True
Does 27 divide 19386?
True
Is 10 a factor of 690?
True
Does 49 divide 686?
True
Does 24 divide 384?
True
Does 14 divide 398?
False
Is 49 a factor of 928?
False
Does 36 divide 147?
False
Does 100 divide 300?
True
Is 14040 a multiple of 20?
True
Is 232 a factor of 27643?
False
Does 33 divide 1744?
False
Does 12 divide 3746?
False
Does 26 divide 1222?
True
Is 1506 a multiple of 172?
False
Is 20 a factor of 98803?
False
Is 107 a factor of 446?
False
Is 11315 a multiple of 58?
False
Is 479 a factor of 162381?
True
Is 2 a factor of 653?
False
Does 10 divide 219?
False
Does 5 divide 2974?
False
Is 213 a multiple of 22?
False
Does 45 divide 315?
True
Is 124852 a multiple of 14?
True
Is 426 a multiple of 142?
True
Does 47 divide 60452?
False
Is 30 a factor of 870?
True
Does 37 divide 31397?
False
Is 1773 a multiple of 9?
True
Does 6 divide 2028?
True
Does 30 divide 120?
True
Is 106 a factor of 20670?
True
Is 7 a factor of 7194?
False
Is 84 a factor of 17388?
True
Does 138 divide 1656?
True
Does 3 divide 6183?
True
Does 60 divide 8580?
True
Is 4464 a multiple of 36?
True
Does 38 divide 71406?
False
Is 35 a factor of 980?
True
Is 5 a factor of 2338?
False
Is 600 a multiple of 20?
True
Is 18 a factor of 10944?
True
Does 31 divide 2108?
True
Is 1344 a multiple of 38?
False
Is 5054 a multiple of 14?
True
Does 13 divide 91?
True
Is 9571 a multiple of 5?
False
Is 754 a multiple of 29?
True
Is 2 a factor of 291?
False
Is 561 a multiple of 11?
True
Does 2 divide 1100?
True
Is 5876 a multiple of 226?
True
Does 45 divide 2986?
False
Does 12 divide 74?
False
Does 23 divide 184?
True
Is 162 a multiple of 6?
True
Does 13 divide 2498?
False
Does 11 divide 3640?
False
Is 22 a factor of 44?
True
Is 7 a factor of 1529?
False
Is 7186 a multiple of 94?
False
Is 238 a multiple of 7?
True
Is 15 a factor of 222?
False
Is 13069 a multiple of 91?
False
Is 436 a multiple of 36?
False
Is 116400 a multiple of 240?
True
Is 84 a factor of 3212?
False
Is 7 a factor of 1680?
True
Is 2532 a multiple of 31?
False
Does 76 divide 35962?
False
Does 51 divide 72075?
False
Does 11 divide 1320?
True
Is 16056 a multiple of 9?
True
Is 37821 a multiple of 164?
False
Does 19 divide 2171?
False
Does 25 divide 1950?
True
Does 49 divide 735?
True
Does 105 divide 46460?
False
Is 20 a factor of 36520?
True
Is 8 a factor of 584?
True
Is 970 a multiple of 5?
True
Does 25 divide 1675?
True
Does 50 divide 600?
True
Is 21920 a multiple of 5?
True
Does 5 divide 7031?
False
Does 30 divide 12840?
True
Is 581 a multiple of 64?
False
Does 18 divide 4123?
False
Is 1150 a multiple of 9?
False
Is 14 a factor of 4421?
False
Is 202 a multiple of 11?
False
Does 26 divide 14482?
True
Does 21 divide 1449?
True
Is 1495 a multiple of 96?
False
Is 23 a factor of 9545?
True
Is 3 a factor of 417?
True
Does 21 divide 13583?
False
Is 496 a multiple of 69?
False
Does 22 divide 3250?
False
Is 1060 a multiple of 63?
False
Does 11 divide 5862?
False
Does 20 divide 5474?
False
Is 30 a factor of 10560?
True
Is 48 a factor of 4331?
False
Is 657 a multiple of 24?
False
Is 16 a factor of 45584?
True
Does 128 divide 101376?
True
Is 21 a factor of 2206?
False
Does 86 divide 1417?
False
Is 45782 a multiple of 35?
False
Does 31 divide 3968?
True
Is 1105 a multiple of 9?
False
Is 2 a factor of 7296?
True
Does 19 divide 1064?
True
Does 13 divide 7124?
True
Is 227 a multiple of 75?
False
Is 1980 a multiple of 118?
False
Is 148 a factor of 40831?
False
Does 8 divide 4960?
True
Is 727 a multiple of 8?
False
Does 15 divide 13180?
False
Is 904 a multiple of 49?
False
Is 21 a factor of 16506?
True
Is 17 a factor of 593?
False
Is 21 a factor of 6671?
False
Does 28 divide 9240?
True
Is 28 a factor of 1736?
True
Is 4873 a multiple of 15?
False
Is 2574 a multiple of 5?
False
Does 17 divide 1212?
False
Is 640 a multiple of 40?
True
Is 2 a factor of 92?
True
Is 704 a multiple of 64?
True
Is 12219 a multiple of 49?
False
Is 5280 a multiple of 44?
True
Is 64440 a multiple of 30?
True
Is 15 a factor of 750?
True
Is 14 a factor of 15722?
True
Is 23 a factor of 598?
True
Is 70733 a multiple of 244?
False
Does 30 divide 20811?
False
Does 93 divide 1116?
True
Is 60 a factor of 3660?
True
Does 55 divide 7178?
False
Is 2 a factor of 233?
False
Does 88 divide 29040?
True
Is 3025 a multiple of 55?
True
Is 29 a factor of 6554?
True
Is 13920 a multiple of 24?
True
Is 6709 a multiple of 7?
False
Is 78 a factor of 9126?
True
Does 94 divide 138932?
True
Is 3252 a multiple of 16?
False
Is 5016 a multiple of 44?
True
Is 2060 a multiple of 6?
False
Is 1140 a multiple of 20?
True
Is 80 a multiple of 4?
True
Is 1263 a multiple of 33?
False
Is 6015 a multiple of 36?
False
Is 5980 a multiple of 46?
True
Is 1748 a multiple of 19?
True
Is 776 a multiple of 53?
False
Is 3 a factor of 331?
False
Does 12 divide 438?
False
Is 60 a factor of 1800?
True
Is 51 a factor of 102?
True
Does 19 divide 48279?
True
Does 13 divide 12337?
True
Is 116 a multiple of 29?
True
Does 21 divide 23688?
True
Is 30 a factor of 12023?
False
Is 11 a factor of 5555?
True
Does 70 divide 3360?
True
Is 1498 a multiple of 24?
False
Does 8 divide 55?
False
Does 8 divide 40?
True
Is 3045 a multiple of 15?
True
Is 2680 a multiple of 33?
False
Is 207 a factor of 49458?
False
Does 4 divide 26?
False
Does 50 divide 500?
True
Is 26208 a multiple of 39?
True
Is 9464 a multiple of 13?
True
Is 6 a factor of 895?
False
Is 16 a factor of 10829?
False
Is 713 a multiple of 31?
True
Is 6 a factor of 3038?
False
Does 144 divide 3312?
True
Does 90 divide 3600?
True
Is 3060 a multiple of 51?
True
Is 136 a factor of 22439?
False
Does 15 divide 1822?
False
Does 20 divide 780?
True
Is 109 a factor of 5781?
False
Is 6072 a multiple of 20?
False
Is 87 a multiple of 3?
True
Is 979 a multiple of 5?
False
Does 20 divide 15890?
False
Does 18 divide 702?
True
Does 127 divi